{"id":382,"date":"2024-02-22T22:58:00","date_gmt":"2024-02-22T21:58:00","guid":{"rendered":"https:\/\/unepatteunsabot.fr\/?page_id=382"},"modified":"2024-02-22T23:00:39","modified_gmt":"2024-02-22T22:00:39","slug":"politique-de-confidentialite","status":"publish","type":"page","link":"https:\/\/unepatteunsabot.fr\/?page_id=382","title":{"rendered":""},"content":{"rendered":"\n<h1 class=\"wp-block-heading has-text-align-center has-custom-couleur-5-color has-text-color has-link-color wp-elements-008a4850642df1572922059df372dbad\"><strong>Politique de Confidentialit\u00e9<\/strong><\/h1>\n\n\n\n<p class=\"has-custom-couleur-5-color has-text-color has-link-color wp-elements-6fc98decf4f29aae8dccc869ed8aad89\">Cette Politique de Confidentialit\u00e9 d\u00e9crit comment Une Patte Un Sabot collecte, utilise et prot\u00e8ge les informations que vous fournissez lorsque vous utilisez ce site internet.<\/p>\n\n\n\n<p class=\"has-custom-couleur-5-color has-text-color has-link-color wp-elements-b6ae0de4bde837e1aba45df7ecb1dc64\"><strong>Collecte et Utilisation des Informations<\/strong><\/p>\n\n\n\n<p class=\"has-custom-couleur-5-color has-text-color has-link-color wp-elements-e9796673c39b4a4264c0e72d02ebbf5b\">Nous pouvons collecter certaines informations personnelles identifiables, telles que votre nom, votre adresse e-mail, votre num\u00e9ro de t\u00e9l\u00e9phone, ou toute autre information que vous choisissez de nous fournir. Nous pouvons utiliser ces informations pour r\u00e9pondre \u00e0 vos demandes, vous contacter \u00e0 des fins administratives, ou vous fournir des informations sur nos services.<\/p>\n\n\n\n<p class=\"has-custom-couleur-5-color has-text-color has-link-color wp-elements-49fb854999e0e20a4591d796813803d7\">Nous pouvons \u00e9galement collecter des informations non personnelles lors de votre visite sur notre site internet, telles que le type de navigateur que vous utilisez, votre adresse IP, ou les pages que vous consultez. Ces informations sont utilis\u00e9es pour am\u00e9liorer la qualit\u00e9 de notre site et de nos services.<\/p>\n\n\n\n<p class=\"has-custom-couleur-5-color has-text-color has-link-color wp-elements-fee850c844070185a34c72abf0a05146\"><strong>Cookies<\/strong><\/p>\n\n\n\n<p class=\"has-custom-couleur-5-color has-text-color has-link-color wp-elements-68e7ccb7453003a99f6aeb07ee4141a5\">Notre site internet peut utiliser des cookies pour am\u00e9liorer votre exp\u00e9rience utilisateur. Les cookies sont de petits fichiers texte plac\u00e9s sur votre ordinateur pour collecter des informations standard de connexion et de comportement des visiteurs. Vous avez la possibilit\u00e9 de d\u00e9sactiver les cookies dans les param\u00e8tres de votre navigateur si vous le souhaitez.<\/p>\n\n\n\n<p class=\"has-custom-couleur-5-color has-text-color has-link-color wp-elements-10515ec68c726e3d48529a97423629c4\"><strong>Divulgation des Informations<\/strong><\/p>\n\n\n\n<p class=\"has-custom-couleur-5-color has-text-color has-link-color wp-elements-a13b59b1dac7f8fb6e3174a4a5ddf57c\">Nous ne vendons, n&#8217;\u00e9changeons, ni ne louons vos informations personnelles \u00e0 des tiers sans votre consentement, sauf si cela est n\u00e9cessaire pour r\u00e9pondre \u00e0 une demande que vous avez faite ou pour se conformer \u00e0 la loi.<\/p>\n\n\n\n<p class=\"has-custom-couleur-5-color has-text-color has-link-color wp-elements-00939dc2a86f8a45df26cea8b8a0f4c4\"><strong>S\u00e9curit\u00e9<\/strong><\/p>\n\n\n\n<p class=\"has-custom-couleur-5-color has-text-color has-link-color wp-elements-4a2a715e44a8e67d303984851921d5fb\">Nous nous engageons \u00e0 assurer la s\u00e9curit\u00e9 de vos informations personnelles. Nous mettons en place des mesures de s\u00e9curit\u00e9 physiques, \u00e9lectroniques et administratives appropri\u00e9es pour prot\u00e9ger vos informations contre tout acc\u00e8s non autoris\u00e9, toute divulgation, toute alt\u00e9ration ou toute destruction.<\/p>\n\n\n\n<p class=\"has-custom-couleur-5-color has-text-color has-link-color wp-elements-f9cee9f8e33ac96f9d6efdff9e58a9d5\"><strong>Liens vers d&#8217;Autres Sites<\/strong><\/p>\n\n\n\n<p class=\"has-custom-couleur-5-color has-text-color has-link-color wp-elements-ea2523ee9fde65cc7d0181194dceef6e\">Notre site internet peut contenir des liens vers d&#8217;autres sites web. Nous ne sommes pas responsables des pratiques de confidentialit\u00e9 ou du contenu de ces sites. Nous vous encourageons \u00e0 lire les politiques de confidentialit\u00e9 de ces sites avant de fournir vos informations personnelles.<\/p>\n\n\n\n<p class=\"has-custom-couleur-5-color has-text-color has-link-color wp-elements-c51c13bf85783c0674d9a11c5d7f59bf\"><strong>Consentement<\/strong><\/p>\n\n\n\n<p class=\"has-custom-couleur-5-color has-text-color has-link-color wp-elements-3eb03df64032e460d2a46b506f3a03d9\">En utilisant ce site internet, vous consentez \u00e0 notre Politique de Confidentialit\u00e9 et acceptez ses modalit\u00e9s.<\/p>\n\n\n\n<p class=\"has-custom-couleur-5-color has-text-color has-link-color wp-elements-5525624b7debdd74a2078e0f3266286e\"><strong>Modification de la Politique de Confidentialit\u00e9<\/strong><\/p>\n\n\n\n<p class=\"has-custom-couleur-5-color has-text-color has-link-color wp-elements-71fdc7b5c79ff06347deb7b5cffe757e\">Nous nous r\u00e9servons le droit de modifier cette Politique de Confidentialit\u00e9 \u00e0 tout moment. Toute modification sera publi\u00e9e sur cette page. Nous vous encourageons \u00e0 consulter r\u00e9guli\u00e8rement cette page pour prendre connaissance des \u00e9ventuelles modifications.<\/p>\n\n\n\n<p class=\"has-custom-couleur-5-color has-text-color has-link-color wp-elements-6010df866153ce5a144a7b952be178c4\"><strong>Contact<\/strong><\/p>\n\n\n\n<p class=\"has-custom-couleur-5-color has-text-color has-link-color wp-elements-2471fc5d3b1dd8442c53ae51261217b1\">Si vous avez des questions concernant cette Politique de Confidentialit\u00e9, veuillez nous contacter \u00e0 l&#8217;adresse suivante : unepatteunsabot@gmail.com<\/p>\n\n\n\n<p class=\"has-custom-couleur-5-color has-text-color has-link-color wp-elements-675825befce9d76d60df27ae4dd4737b\">Derni\u00e8re mise \u00e0 jour : 22\/02\/2024<\/p>\n","protected":false},"excerpt":{"rendered":"<p>Politique de Confidentialit\u00e9 Cette Politique de Confidentialit\u00e9 d\u00e9crit comment Une Patte Un Sabot collecte, utilise et prot\u00e8ge les informations que vous fournissez lorsque vous utilisez ce site internet. Collecte et Utilisation des Informations Nous pouvons collecter certaines informations personnelles identifiables, telles que votre nom, votre adresse e-mail, votre num\u00e9ro de t\u00e9l\u00e9phone, ou toute autre information [&hellip;]<\/p>\n","protected":false},"author":1,"featured_media":0,"parent":0,"menu_order":0,"comment_status":"closed","ping_status":"closed","template":"","meta":{"om_disable_all_campaigns":false,"_monsterinsights_skip_tracking":false,"_monsterinsights_sitenote_active":false,"_monsterinsights_sitenote_note":"","_monsterinsights_sitenote_category":0,"footnotes":""},"class_list":["post-382","page","type-page","status-publish","hentry"],"aioseo_notices":[],"_links":{"self":[{"href":"https:\/\/unepatteunsabot.fr\/index.php?rest_route=\/wp\/v2\/pages\/382","targetHints":{"allow":["GET"]}}],"collection":[{"href":"https:\/\/unepatteunsabot.fr\/index.php?rest_route=\/wp\/v2\/pages"}],"about":[{"href":"https:\/\/unepatteunsabot.fr\/index.php?rest_route=\/wp\/v2\/types\/page"}],"author":[{"embeddable":true,"href":"https:\/\/unepatteunsabot.fr\/index.php?rest_route=\/wp\/v2\/users\/1"}],"replies":[{"embeddable":true,"href":"https:\/\/unepatteunsabot.fr\/index.php?rest_route=%2Fwp%2Fv2%2Fcomments&post=382"}],"version-history":[{"count":4,"href":"https:\/\/unepatteunsabot.fr\/index.php?rest_route=\/wp\/v2\/pages\/382\/revisions"}],"predecessor-version":[{"id":389,"href":"https:\/\/unepatteunsabot.fr\/index.php?rest_route=\/wp\/v2\/pages\/382\/revisions\/389"}],"wp:attachment":[{"href":"https:\/\/unepatteunsabot.fr\/index.php?rest_route=%2Fwp%2Fv2%2Fmedia&parent=382"}],"curies":[{"name":"wp","href":"https:\/\/api.w.org\/{rel}","templated":true}]}}