{"id":553,"date":"2025-04-09T23:28:28","date_gmt":"2025-04-09T21:28:28","guid":{"rendered":"https:\/\/unepatteunsabot.fr\/?page_id=553"},"modified":"2025-04-10T00:18:24","modified_gmt":"2025-04-09T22:18:24","slug":"553-2","status":"publish","type":"page","link":"https:\/\/unepatteunsabot.fr\/?page_id=553","title":{"rendered":""},"content":{"rendered":"\n<div class=\"wp-block-cover alignfull is-light\" style=\"min-height:388px;aspect-ratio:unset;\"><span aria-hidden=\"true\" class=\"wp-block-cover__background has-background-dim\" style=\"background-color:#a59181\"><\/span><img loading=\"lazy\" decoding=\"async\" width=\"960\" height=\"640\" class=\"wp-block-cover__image-background wp-image-556\" alt=\"\" src=\"https:\/\/unepatteunsabot.fr\/wp-content\/uploads\/2025\/04\/image.jpeg\" data-object-fit=\"cover\" srcset=\"https:\/\/unepatteunsabot.fr\/wp-content\/uploads\/2025\/04\/image.jpeg 960w, https:\/\/unepatteunsabot.fr\/wp-content\/uploads\/2025\/04\/image-300x200.jpeg 300w, https:\/\/unepatteunsabot.fr\/wp-content\/uploads\/2025\/04\/image-768x512.jpeg 768w\" sizes=\"auto, (max-width: 960px) 100vw, 960px\" \/><div class=\"wp-block-cover__inner-container is-layout-flow wp-block-cover-is-layout-flow\">\n<h2 class=\"wp-block-heading has-text-align-center has-light-color has-text-color has-link-color has-large-font-size wp-elements-712efce8549b3b1637c1ac3c4dcae795\">Cours Collectifs d&#8217;Education Canine<\/h2>\n<\/div><\/div>\n\n\n\n<h1 class=\"wp-block-heading has-text-align-center has-custom-couleur-5-color has-text-color has-link-color wp-elements-029895ac13c66686fbdec0eca0ace21c\" style=\"font-size:1.4rem;font-style:normal;font-weight:500\">Les Cours Collectifs sont l&#8217;Occasion Parfaite pour apprendre avec votre Chien dans une Ambiance \u00e0 la fois studieuse, bienveillante et conviviale. <\/h1>\n\n\n\n<p><\/p>\n\n\n\n<div class=\"wp-block-columns alignwide is-layout-flex wp-container-core-columns-is-layout-d2da2050 wp-block-columns-is-layout-flex\" style=\"margin-bottom:0\">\n<div class=\"wp-block-column has-light-color has-custom-couleur-4-background-color has-text-color has-background has-link-color wp-elements-b5faaeb9c57fde755d01a27ca95336ab is-layout-flow wp-block-column-is-layout-flow\" style=\"padding-top:2em;padding-right:2em;padding-bottom:2em;padding-left:2em\">\n<h1 class=\"wp-block-heading has-text-align-center has-background-color has-text-color has-link-color wp-elements-3dbd53915ebb1153fa15e65658196dc3\" id=\"single\" style=\"font-size:32px;text-transform:capitalize\"><strong>Cours Collectifs <\/strong><\/h1>\n\n\n\n<hr class=\"wp-block-separator has-css-opacity is-style-wide\"\/>\n\n\n\n<p class=\"has-text-align-center has-background-color has-text-color has-link-color has-base-font-size wp-elements-7d19c52e7e0aaa4d46f8385950f9be8d\">Cours de mise en pratique permettant l\u2019Apprentissage des Fondamentaux en Education Canine. Les Cours Collectifs portent sur UNE Th\u00e9matique en particulier, et comprennent diff\u00e9rents exercices pour renforcer la Relation avec votre Chien et progresser sur les Apprentissages tels que : le Rappel, la Marche au Pied, les Rencontres Cong\u00e9n\u00e8res&#8230;<\/p>\n\n\n\n<p><\/p>\n\n\n\n<p class=\"has-text-align-center has-background-color has-text-color has-link-color has-base-font-size wp-elements-5f69b381b6c64535c66e883db8be0bfa\">La Programmation de Cours est \u00e9galement possible en fonction des demandes.<\/p>\n\n\n\n<p class=\"has-text-align-center has-background-color has-text-color has-link-color wp-elements-96f9dfd30bf8829a23731c3bb661238e\">R\u00e9servez votre place : <strong>unepatteunsabot@gmail.com<\/strong><\/p>\n\n\n\n<hr class=\"wp-block-separator has-text-color has-light-color has-alpha-channel-opacity has-light-background-color has-background is-style-wide\"\/>\n\n\n\n<ul class=\"wp-block-list has-background-color has-text-color has-link-color wp-elements-3b97576ef4e7217b81cb42103f0ec3b1\">\n<li class=\"has-small-font-size\">Cours d&#8217;1h30<\/li>\n\n\n\n<li class=\"has-small-font-size\">Limit\u00e9s \u00e0 6 Chiens <\/li>\n\n\n\n<li class=\"has-small-font-size\">Conditions : Pas de Chienne en Chaleurs, de Chien Bless\u00e9 ou Malade, de Chien R\u00e9actif Cong\u00e9n\u00e8res ou Humains<\/li>\n\n\n\n<li class=\"has-small-font-size\">Les Chiens doivent \u00eatre Identifi\u00e9s et Vaccin\u00e9s<\/li>\n\n\n\n<li class=\"has-small-font-size\">Pr\u00e9voir le N\u00e9cessaire pour travailler avec votre Chien (Eau, Friandises, Harnais, Longe&#8230;)<\/li>\n<\/ul>\n\n\n\n<div class=\"wp-block-buttons alignfull is-horizontal is-content-justification-center is-layout-flex wp-container-core-buttons-is-layout-03627597 wp-block-buttons-is-layout-flex\">\n<div class=\"wp-block-button has-custom-width wp-block-button__width-100\"><a class=\"wp-block-button__link has-white-color has-custom-couleur-5-background-color has-text-color has-background no-border-radius wp-element-button\">25\u20ac<\/a><\/div>\n<\/div>\n<\/div>\n<\/div>\n\n\n\n<p><\/p>\n\n\n\n<h1 class=\"wp-block-heading has-text-align-center has-custom-couleur-5-color has-text-color has-link-color wp-elements-7a9aa292de75fef6c0a11b3bbdb4c884\" id=\"single\" style=\"font-size:32px;text-transform:capitalize\"><strong>Cours Collectifs A Venir : <\/strong><\/h1>\n\n\n\n<div class=\"wp-block-columns is-layout-flex wp-container-core-columns-is-layout-28f84493 wp-block-columns-is-layout-flex\">\n<div class=\"wp-block-column is-layout-flow wp-block-column-is-layout-flow\">\n<figure class=\"wp-block-image size-large\"><img loading=\"lazy\" decoding=\"async\" width=\"1024\" height=\"1024\" src=\"https:\/\/unepatteunsabot.fr\/wp-content\/uploads\/2025\/04\/2-1024x1024.png\" alt=\"\" class=\"wp-image-561\" srcset=\"https:\/\/unepatteunsabot.fr\/wp-content\/uploads\/2025\/04\/2-1024x1024.png 1024w, https:\/\/unepatteunsabot.fr\/wp-content\/uploads\/2025\/04\/2-300x300.png 300w, https:\/\/unepatteunsabot.fr\/wp-content\/uploads\/2025\/04\/2-150x150.png 150w, https:\/\/unepatteunsabot.fr\/wp-content\/uploads\/2025\/04\/2-768x768.png 768w, https:\/\/unepatteunsabot.fr\/wp-content\/uploads\/2025\/04\/2.png 1080w\" sizes=\"auto, (max-width: 1024px) 100vw, 1024px\" \/><\/figure>\n<\/div>\n\n\n\n<div class=\"wp-block-column is-layout-flow wp-block-column-is-layout-flow\">\n<figure class=\"wp-block-image size-large\"><img loading=\"lazy\" decoding=\"async\" width=\"1024\" height=\"1024\" src=\"https:\/\/unepatteunsabot.fr\/wp-content\/uploads\/2025\/04\/3-1024x1024.png\" alt=\"\" class=\"wp-image-562\" srcset=\"https:\/\/unepatteunsabot.fr\/wp-content\/uploads\/2025\/04\/3-1024x1024.png 1024w, https:\/\/unepatteunsabot.fr\/wp-content\/uploads\/2025\/04\/3-300x300.png 300w, https:\/\/unepatteunsabot.fr\/wp-content\/uploads\/2025\/04\/3-150x150.png 150w, https:\/\/unepatteunsabot.fr\/wp-content\/uploads\/2025\/04\/3-768x768.png 768w, https:\/\/unepatteunsabot.fr\/wp-content\/uploads\/2025\/04\/3.png 1080w\" sizes=\"auto, (max-width: 1024px) 100vw, 1024px\" \/><\/figure>\n<\/div>\n<\/div>\n\n\n\n<p class=\"has-text-align-center has-custom-couleur-5-color has-text-color has-link-color wp-elements-923df2848d0587d580cce03b50e78218\" style=\"font-size:32px;text-transform:capitalize\"><\/p>\n\n\n\n<div class=\"wp-block-columns is-layout-flex wp-container-core-columns-is-layout-28f84493 wp-block-columns-is-layout-flex\">\n<div class=\"wp-block-column is-layout-flow wp-block-column-is-layout-flow\">\n<div class=\"wp-block-columns is-layout-flex wp-container-core-columns-is-layout-28f84493 wp-block-columns-is-layout-flex\">\n<div class=\"wp-block-column is-layout-flow wp-block-column-is-layout-flow\">\n<div class=\"wp-block-media-text has-media-on-the-right is-stacked-on-mobile is-vertically-aligned-top\"><div class=\"wp-block-media-text__content\">\n<p class=\"has-text-align-center has-custom-couleur-5-color has-text-color has-link-color wp-elements-dfd128c452be3d493bae63cc945eef95\"><strong>Offre du Moment : <\/strong><\/p>\n<\/div><figure class=\"wp-block-media-text__media\"><img loading=\"lazy\" decoding=\"async\" width=\"1024\" height=\"1024\" src=\"https:\/\/unepatteunsabot.fr\/wp-content\/uploads\/2025\/04\/image-1024x1024.png\" alt=\"This image has an empty alt attribute; its file name is 4.png\" class=\"wp-image-564 size-full\" srcset=\"https:\/\/unepatteunsabot.fr\/wp-content\/uploads\/2025\/04\/image-1024x1024.png 1024w, https:\/\/unepatteunsabot.fr\/wp-content\/uploads\/2025\/04\/image-300x300.png 300w, https:\/\/unepatteunsabot.fr\/wp-content\/uploads\/2025\/04\/image-150x150.png 150w, https:\/\/unepatteunsabot.fr\/wp-content\/uploads\/2025\/04\/image-768x768.png 768w, https:\/\/unepatteunsabot.fr\/wp-content\/uploads\/2025\/04\/image.png 1080w\" sizes=\"auto, (max-width: 1024px) 100vw, 1024px\" \/><\/figure><\/div>\n<\/div>\n<\/div>\n<\/div>\n<\/div>\n","protected":false},"excerpt":{"rendered":"<p>Les Cours Collectifs sont l&#8217;Occasion Parfaite pour apprendre avec votre Chien dans une Ambiance \u00e0 la fois studieuse, bienveillante et conviviale. Cours Collectifs Cours de mise en pratique permettant l\u2019Apprentissage des Fondamentaux en Education Canine. Les Cours Collectifs portent sur UNE Th\u00e9matique en particulier, et comprennent diff\u00e9rents exercices pour renforcer la Relation avec votre Chien [&hellip;]<\/p>\n","protected":false},"author":1,"featured_media":0,"parent":0,"menu_order":0,"comment_status":"closed","ping_status":"closed","template":"","meta":{"om_disable_all_campaigns":false,"_monsterinsights_skip_tracking":false,"_monsterinsights_sitenote_active":false,"_monsterinsights_sitenote_note":"","_monsterinsights_sitenote_category":0,"footnotes":""},"class_list":["post-553","page","type-page","status-publish","hentry"],"aioseo_notices":[],"_links":{"self":[{"href":"https:\/\/unepatteunsabot.fr\/index.php?rest_route=\/wp\/v2\/pages\/553","targetHints":{"allow":["GET"]}}],"collection":[{"href":"https:\/\/unepatteunsabot.fr\/index.php?rest_route=\/wp\/v2\/pages"}],"about":[{"href":"https:\/\/unepatteunsabot.fr\/index.php?rest_route=\/wp\/v2\/types\/page"}],"author":[{"embeddable":true,"href":"https:\/\/unepatteunsabot.fr\/index.php?rest_route=\/wp\/v2\/users\/1"}],"replies":[{"embeddable":true,"href":"https:\/\/unepatteunsabot.fr\/index.php?rest_route=%2Fwp%2Fv2%2Fcomments&post=553"}],"version-history":[{"count":13,"href":"https:\/\/unepatteunsabot.fr\/index.php?rest_route=\/wp\/v2\/pages\/553\/revisions"}],"predecessor-version":[{"id":583,"href":"https:\/\/unepatteunsabot.fr\/index.php?rest_route=\/wp\/v2\/pages\/553\/revisions\/583"}],"wp:attachment":[{"href":"https:\/\/unepatteunsabot.fr\/index.php?rest_route=%2Fwp%2Fv2%2Fmedia&parent=553"}],"curies":[{"name":"wp","href":"https:\/\/api.w.org\/{rel}","templated":true}]}}