{"id":63,"date":"2024-01-30T18:21:53","date_gmt":"2024-01-30T17:21:53","guid":{"rendered":"https:\/\/unepatteunsabot.fr\/?page_id=63"},"modified":"2024-12-09T23:20:04","modified_gmt":"2024-12-09T22:20:04","slug":"petsitting","status":"publish","type":"page","link":"https:\/\/unepatteunsabot.fr\/?page_id=63","title":{"rendered":""},"content":{"rendered":"\n<div class=\"wp-block-cover alignfull\"><span aria-hidden=\"true\" class=\"wp-block-cover__background has-background-dim\"><\/span><img loading=\"lazy\" decoding=\"async\" width=\"960\" height=\"717\" class=\"wp-block-cover__image-background wp-image-40\" alt=\"\" src=\"https:\/\/unepatteunsabot.fr\/wp-content\/uploads\/2024\/01\/image-6.jpeg\" data-object-fit=\"cover\" srcset=\"https:\/\/unepatteunsabot.fr\/wp-content\/uploads\/2024\/01\/image-6.jpeg 960w, https:\/\/unepatteunsabot.fr\/wp-content\/uploads\/2024\/01\/image-6-300x224.jpeg 300w, https:\/\/unepatteunsabot.fr\/wp-content\/uploads\/2024\/01\/image-6-768x574.jpeg 768w\" sizes=\"auto, (max-width: 960px) 100vw, 960px\" \/><div class=\"wp-block-cover__inner-container is-layout-flow wp-block-cover-is-layout-flow\">\n<p class=\"has-text-align-center has-background-color has-text-color has-link-color has-large-font-size wp-elements-4dde653b96ac071ddb83b71645585313\">Petsitting<\/p>\n<\/div><\/div>\n\n\n\n<p class=\"has-text-align-center has-custom-couleur-5-color has-text-color has-link-color wp-elements-d8c8063d6a790a8f6943b82cf93a33c1\">Partez sereinement en Vacances, Week-end ou en D\u00e9placement Professionnel :<\/p>\n\n\n\n<div class=\"wp-block-columns alignwide is-layout-flex wp-container-core-columns-is-layout-d2da2050 wp-block-columns-is-layout-flex\" style=\"margin-bottom:0\">\n<div class=\"wp-block-column has-light-color has-custom-couleur-4-background-color has-text-color has-background has-link-color wp-elements-4fcd1590219797f949bd175f2cdf1c4d is-layout-flow wp-block-column-is-layout-flow\" style=\"padding-top:2em;padding-right:2em;padding-bottom:2em;padding-left:2em\">\n<h1 class=\"wp-block-heading has-text-align-center has-background-color has-text-color has-link-color wp-elements-9416330ee9fe4d138de39b8e34cbb044\" id=\"single\" style=\"font-size:32px;text-transform:capitalize\"><strong>Visites de Chats<\/strong><\/h1>\n\n\n\n<p class=\"has-normal-font-size\" style=\"line-height:1.5\"><\/p>\n\n\n\n<hr class=\"wp-block-separator has-css-opacity is-style-wide\"\/>\n\n\n\n<p class=\"has-text-align-center has-background-color has-text-color has-link-color has-base-font-size wp-elements-fffed86224e57702c4911935ba68169b\">Je rends visite \u00e0 <strong>votre \/ vos Chat(s). <\/strong><\/p>\n\n\n\n<p class=\"has-text-align-center has-background-color has-text-color has-link-color has-base-font-size wp-elements-d20de534873ecbda00b42d96d8bdd48a\"><strong>Au Programme <\/strong>: nourrissage, eau, soins, nettoyage de l&#8217;environnement de vie, jeux, brossage, c\u00e2lins&#8230; <\/p>\n\n\n\n<p class=\"has-text-align-center has-background-color has-text-color has-link-color has-base-font-size wp-elements-9ef204ca8890d2226e255f58988be69f\">Je m\u2019adapte \u00e0 la Personnalit\u00e9 et au Temp\u00e9rament de votre Animal \u00e0 4 Pattes pour r\u00e9pondre au mieux, \u00e0 ses Besoins Fondamentaux. Cette formule permet \u00e0 <strong>votre \/ vos Chat(s) <\/strong>de rester dans leur environnement, r\u00e9duisant consid\u00e9rablement le Stress procur\u00e9 par cette Absence.<\/p>\n\n\n\n<hr class=\"wp-block-separator has-text-color has-light-color has-alpha-channel-opacity has-light-background-color has-background is-style-wide\"\/>\n\n\n\n<ul class=\"wp-block-list has-background-color has-text-color has-link-color wp-elements-90d98784c7f38ff510a33e2380259e23\">\n<li class=\"has-small-font-size\">Visite de 30min OU d&#8217;1h<\/li>\n\n\n\n<li class=\"has-small-font-size\">Envoi de Nouvelles et Photos \u00e0 chaque visite<\/li>\n\n\n\n<li class=\"has-small-font-size\">Premi\u00e8re pr\u00e9-visite gratuite<\/li>\n<\/ul>\n\n\n\n<div class=\"wp-block-buttons alignfull is-horizontal is-content-justification-center is-layout-flex wp-container-core-buttons-is-layout-03627597 wp-block-buttons-is-layout-flex\">\n<div class=\"wp-block-button has-custom-width wp-block-button__width-100\"><a class=\"wp-block-button__link has-white-color has-custom-couleur-5-background-color has-text-color has-background no-border-radius wp-element-button\">18\u20ac pour 30min &#8211; 28\u20ac pour 1h<\/a><\/div>\n<\/div>\n<\/div>\n\n\n\n<div class=\"wp-block-column has-custom-couleur-4-background-color has-text-color has-background has-link-color wp-elements-66d829b0e6aa141ddc42b0fb06efeba0 is-layout-flow wp-block-column-is-layout-flow\" style=\"color:#000000;padding-top:2em;padding-right:2em;padding-bottom:2em;padding-left:2em\">\n<h1 class=\"wp-block-heading has-text-align-center has-background-color has-text-color has-link-color wp-elements-a55853271c387e88e0e9e6df07c5103e\" id=\"family\" style=\"font-size:32px\"><strong>Gardes de NACS<\/strong><\/h1>\n\n\n\n<p class=\"has-normal-font-size\" style=\"line-height:1.5\"><\/p>\n\n\n\n<p><\/p>\n\n\n\n<p><\/p>\n\n\n\n<hr class=\"wp-block-separator has-css-opacity is-style-wide\"\/>\n\n\n\n<p class=\"has-text-align-center has-background-color has-text-color has-link-color has-base-font-size wp-elements-afc8c6fd97ad3588895ccdc6ea7392d5\">Je garde votre \/ vos <strong>NAC(s)<\/strong> \u00e0 mon Domicile.<\/p>\n\n\n\n<p class=\"has-text-align-center has-background-color has-text-color has-link-color has-base-font-size wp-elements-0e9443bf2c9ba04bc0b1aa2c124641f9\">Au Programme : Nourrissage, Eau, Soins, Nettoyage de l\u2019Environnement de Vie, Jeux, Brossage, C\u00e2lins&#8230;<\/p>\n\n\n\n<p class=\"has-text-align-center has-background-color has-text-color has-link-color has-base-font-size wp-elements-ab107b2eadc011ead7f2f325f3237293\">Je m\u2019adapte \u00e0 la Personnalit\u00e9, au Temp\u00e9rament et \u00e0 l\u2019Esp\u00e8ce de votre Animal pour r\u00e9pondre au mieux, \u00e0 ses Besoins Fondamentaux. Cette formule permet \u00e0 <strong>votre \/ vos NAC(s) <\/strong>de continuer \u00e0 \u00e9voluer dans un Cadre Familial, et de r\u00e9duire consid\u00e9rablement la Solitude ressentie.<\/p>\n\n\n\n<hr class=\"wp-block-separator has-text-color has-light-color has-alpha-channel-opacity has-light-background-color has-background is-style-wide\"\/>\n\n\n\n<ul class=\"wp-block-list has-background-color has-text-color has-link-color wp-elements-b9b17827f72c306e23e10fe8b2b311ef\">\n<li class=\"has-small-font-size\">Lapins, Rongeurs &amp; Oiseaux<\/li>\n\n\n\n<li class=\"has-small-font-size\"><em>Places limit\u00e9es : 1 Seul NAC ou Groupe de NACS appartenant \u00e0 la m\u00eame famille sur une p\u00e9riode d\u00e9finie.<\/em><\/li>\n\n\n\n<li class=\"has-small-font-size\">Autres prestations sur Demande<\/li>\n<\/ul>\n\n\n\n<div class=\"wp-block-buttons alignfull is-horizontal is-content-justification-center is-layout-flex wp-container-core-buttons-is-layout-03627597 wp-block-buttons-is-layout-flex\">\n<div class=\"wp-block-button has-custom-width wp-block-button__width-100 is-style-fill\"><a class=\"wp-block-button__link has-white-color has-custom-couleur-5-background-color has-text-color has-background no-border-radius wp-element-button\">10\u20ac \/ Jour<\/a><\/div>\n<\/div>\n<\/div>\n<\/div>\n","protected":false},"excerpt":{"rendered":"<p>Partez sereinement en Vacances, Week-end ou en D\u00e9placement Professionnel : Visites de Chats Je rends visite \u00e0 votre \/ vos Chat(s). Au Programme : nourrissage, eau, soins, nettoyage de l&#8217;environnement de vie, jeux, brossage, c\u00e2lins&#8230; Je m\u2019adapte \u00e0 la Personnalit\u00e9 et au Temp\u00e9rament de votre Animal \u00e0 4 Pattes pour r\u00e9pondre au mieux, \u00e0 ses [&hellip;]<\/p>\n","protected":false},"author":1,"featured_media":0,"parent":0,"menu_order":0,"comment_status":"closed","ping_status":"closed","template":"","meta":{"om_disable_all_campaigns":false,"_monsterinsights_skip_tracking":false,"_monsterinsights_sitenote_active":false,"_monsterinsights_sitenote_note":"","_monsterinsights_sitenote_category":0,"footnotes":""},"class_list":["post-63","page","type-page","status-publish","hentry"],"aioseo_notices":[],"_links":{"self":[{"href":"https:\/\/unepatteunsabot.fr\/index.php?rest_route=\/wp\/v2\/pages\/63","targetHints":{"allow":["GET"]}}],"collection":[{"href":"https:\/\/unepatteunsabot.fr\/index.php?rest_route=\/wp\/v2\/pages"}],"about":[{"href":"https:\/\/unepatteunsabot.fr\/index.php?rest_route=\/wp\/v2\/types\/page"}],"author":[{"embeddable":true,"href":"https:\/\/unepatteunsabot.fr\/index.php?rest_route=\/wp\/v2\/users\/1"}],"replies":[{"embeddable":true,"href":"https:\/\/unepatteunsabot.fr\/index.php?rest_route=%2Fwp%2Fv2%2Fcomments&post=63"}],"version-history":[{"count":21,"href":"https:\/\/unepatteunsabot.fr\/index.php?rest_route=\/wp\/v2\/pages\/63\/revisions"}],"predecessor-version":[{"id":550,"href":"https:\/\/unepatteunsabot.fr\/index.php?rest_route=\/wp\/v2\/pages\/63\/revisions\/550"}],"wp:attachment":[{"href":"https:\/\/unepatteunsabot.fr\/index.php?rest_route=%2Fwp%2Fv2%2Fmedia&parent=63"}],"curies":[{"name":"wp","href":"https:\/\/api.w.org\/{rel}","templated":true}]}}